 14 + -18 + -6 + (4 + -5 - 3).
81
What is the value of -101 + -39 + 135 + (-4 - 91)?
-100
Calculate -15 - ((22 - 13 - 22) + (-60 - -8)).
50
What is the value of -73 + 62 - -36 - 89?
-64
Evaluate 0 + 0 + (18 - (6 - (-20 - -59 - 12))).
39
9 + (9 - (-1 + 4 - 4)) + (-36 - -3)
-14
Evaluate 74 - (-14 + 149 + -136 + -2 + 0 + -10).
87
Calculate 6 + -24 + 3 - (0 - (-1 - 72)).
-88
Evaluate (6 + -5 + (6 - 9) - -8) + 28.
34
Calculate 1 + 26 + -458 + 429.
-2
What is the value of (-19 - (-9 - -4)) + 19 + 1?
6
Calculate (112 + -209 - -111) + 55.
69
What is 147 + -148 + 2 + -6 + 1 + 0?
-4
Evaluate (-35 - (31 + -27)) + (2 - 0).
-37
Evaluate -23 + (-23 - -25) + 27 - 58.
-52
Calculate (28 + -82 - -2) + 28.
-24
What is the value of 6 + (51 - 11) + (309 - 235)?
120
Evaluate 2 - 64 - (3676 + -3801).
63
Evaluate 7 + 1 - (-20 + (10 - 47) + 25 - 80).
120
Evaluate -24 + 21 + 25 + 15.
37
What is the value of 29 + 12 - (-158 + 154)?
45
(20 + -4 - (-4 - 0)) + -7 + 3
16
(-3 - (8 + -12 + 12 + -11) - 6) + 4
-2
What is the value of -23 + 88 + -48 + -1 + -10?
6
Evaluate (1 - 8) + 2 - 1 - (-18 - 3 - -6).
9
Evaluate -13 + 39 + 1 + 26 + 9.
62
27 + (19 - (7 + -17 + 14 - -1))
41
Evaluate 188 - 176 - (-112 + ((7 - -5) + -1 - 3)).
116
Calculate (23 + 49 - 53) + -5 + 0 + -24.
-10
What is the value of (-29 - -71) + -59 + 7?
-10
Calculate (28 - 25 - (-1 - -23 - 4 - 0)) + -10.
-25
(-30 - (-28 + 28) - -89) + -5 + 23
77
Calculate -2 + (27 - 8 - (-8 + 4)).
21
Calculate 14 + 59 + -69 - -5.
9
What is the value of -30 + 9 + 4 - (-45 + -50)?
78
Evaluate (-20 - -18) + (-42 - -1).
-43
What is the value of (-1 - -13 - (-2 - -10)) + 2 + -26?
-20
What is -33 - 1 - ((-142 - -191) + -32)?
-51
79 + -136 - -41 - (-4 + 0 + -30 - 3)
21
What is the value of (42 - -43 - 25) + -89?
-29
12 + 64 + -26 + (71 - 15)
106
-423 + 466 + (-75 - 2)
-34
What is the value of -16 + (11 - -4) + 117 + -123?
-7
What is 14 + -13 + -6 - (-27 - (-5 + -1))?
16
What is the value of -60 + ((0 - 6) + (-12 - -16) - -12)?
-50
What is the value of 2314 - 2319 - ((-4 - -7) + (93 - -2))?
-103
Calculate -2 + 76 + 2 + (-2 - 18).
56
Evaluate -55 + -80 + (97 - -94).
56
What is the value of 3 + 11 + -18 + -9 + 112 + 5 + -7?
97
What is the value of -11 + (3 - -18) + -23 - (12 - 3)?
-22
What is -23 + 13 + (-12 - -1) + 0?
-21
What is the value of -32 + (56 - 17) - 134 - -27?
-100
Evaluate 64 + -69 - (15 - (-10 + -25)).
-55
(58 - (61 - 24)) + -16
5
Evaluate (0 - -42) + (1342 - 1434).
-50
Evaluate 51 + (-12 - -29 - -6) - 15.
59
Evaluate -11 - (-86 + (-44 - -105) - (1 + -2 + 0)).
13
Evaluate -33 + -3 - (83 + -67 - 124).
72
What is the value of 1 + -166 - -35 - -200?
70
What is the value of 0 + -17 - (-17 + 11 + 23 + -1)?
-33
Calculate -3 + 6 - 2 - ((19 - 31) + 12 + 1).
0
What is the value of -2 + (8 - ((-10 - (11 - -26)) + -6)) + 0?
59
What is the value of 65 + -9 + -4 + (-10 - (-19 + 1))?
60
-16 + (-4 - -20) + -24 - -52
28
Evaluate (49 - 39) + (4 - (-6 + -3 + 7 + -30)).
46
Evaluate 51 - (14 - (-10 + (-3 - (-37 - (-6 - -12))))).
67
What is the value of 1 + -38 + (-19 - (6 + -29 + -4))?
-29
Evaluate -102 + -5 + 2 + 1 - (-141 - (116 - 269)).
-116
Evaluate -98 + -38 + 182 + -74.
-28
Evaluate -5 + 5 - 47 - (-2528 + 2548).
-67
Calculate 4 + (-28 - -20) + 18 + (11 - 13).
12
Calculate 468 + -704 + 232 - ((1 - 3) + (-13 - -1)).
10
Calculate -21 + (3 + (12 - 21) - -10) + -12.
-29
Evaluate 108 + (-17 - 54) - 63.
-26
Evaluate 7 - 0 - (27 - ((32 - -1) + -3)).
10
Calculate 12 + (-169 + 95 - -157).
95
Evaluate -5 - (25 + -35 - 7).
12
What is -23 + 21 + 3 + -19 + 32?
14
What is the value of 22 + 34 + -19 + 5 + 0 + -2?
40
What is the value of 36 - -64 - (24 - -15)?
61
What is (18 - (1 + 51)) + -49 + 49?
-34
What is 3 - (-29 + (-12 - -44)) - (2 - 66)?
64
12 - (29 - 20 - -12 - 13)
4
Evaluate 33 + -23 + (-2 + 3 - 2 - 44).
-35
Calculate 237 + -157 - (32 + (7 - 11)).
52
What is the value of 11 - (-7 + (6 - 0) + -179 + 173 - 7)?
25
What is the value of -7 + 0 + (64 - 216 - -108)?
-51
Calculate 28 - (0 + 9 + (391 - 383)).
11
What is -63 + 0 + 4 - (-15 - -6 - (-5 - 3))?
-58
Calculate (-13 - -46) + (-85 - -57) - (-2 + 31).
-24
0 - -4 - 20 - (1 + -8) - -14
5
(-18 - 0) + 6700 + -6803
-121
Evaluate -4 - (7 - 9 - (-3 + 7 + -5)).
-3
What is the value of 729 - 664 - (0 - -4 - 1 - (0 - 1))?
61
Calculate 6 + -1 + (-38 + 19 - ((-8 - 2) + -87)).
83
Evaluate (-19 + 32 - 18) + (-3 + 6 - 4 - -78).
72
-128 + (22 - -4) + (96 - 120)
-126
What is the value of -24 + -8 - (283 - 285)?
-30
What is 39 + (39 + -30 - 46)?
2
What is the value of 91 - -2 - (888 + -841)?
46
What is (-76 - 11) + 83 + -85?
-89
Calculate -18 + (61 - 23) + 5.
25
Evaluate -2 - (-37 - -11 - -56).
-32
Evaluate -2 + 0 + (-171 - -162 - (3 - -1)).
-15
Calculate -32 + (5 + (2 - 0) - (71 + -72)).
-24
(-5 - (-10 + -2)) + 146 + -146
7
Evaluate -4 + -25 + 42 + 6.
19
What is (-7 - -11) + -4 + -9 - 11?
-20
What is 12 + 0 - (-56 + 196 + (-41 - -14))?
-101
What is (-10 - (-7 + (8 - 2) + 0)) + (1 - -76)?
68
Calculate 1 + (-4 - -1) + 0 - (21852 - 21860).
6
Calculate -17 + (-6 - ((17 - (10 + 105)) + -20)).
95
What is the value of -2 + 0 + -3 - (-105 + 24 + 36)?
40
What is 0 + -2 + (-5802 - -5862)?
58
-1 + 11 + 0 + -18 + 110 + -14 + 28
116
Evaluate (143 - 99) + -74 - -27.
-3
What is -4 - (14 + (-1 - (25 + -2)))?
6
Calculate 6 + -19 + -35 - (-2 + -7 - (-7 - -5)).
-41
What is -10 - 3 - (21 - 1 - (-27 + -1 + 27))?
-34
Evaluate -46 + -79 + (205 - 60).
20
41 - ((1 + -13 - -2) + 11)
40
Evaluate -2 + 0 - (50 + -89) - (26 + (-11 - 4)).
26
Calculate (4 - (4 - (0 - -6))) + 17 + 7.
30
27 + (16 - 14) - (0 + -4 + 21)
12
10 + (18 + -8 - (9 - -3)) + -1 - -2
9
Calculate 16 + -1 - (177 + -164).
2
Evaluate 21 + 1 + 13 + 31 + -58 - -80.
88
3 - (-27 - -6) - (-12 - 2 - -5)
33
What is the value of 131 + 64 + -45 + -8 + (-7 - -19)?
154
1 + 35 - (-55 + (-16 - (-89 + 37)))
55
Calculate 0 - -5 - (-4986 + 4960).
31
Evaluate (134 - 195 - -24) + 1 + 93.
57
What is (-24 - -14 - (-2 + 0) - 2 - 22) + 9?
-23
What is the value of 0 + 24 + 105 + -115 + (-98 - (4 + -8))?
-80
What is 75 + -41 + -227 + 116?
-77
-56 - -4 - (-2 + 6) - (-38 - (-105 - -68))
-55
Calculate -26 + -18 + 21 - (5 + -83).
55
Calculate 80 + (-21 - 41) + -76.
-58
What is -1 + (-60 - -26) + 10 - 42?
-67
What is the value of 10723 + -10753 - (26 - (2 - 0))?
-54
Evaluate 28 + 85 + -118 - (2 + (12 - 3)).
-16
Evaluate -45 - ((90 - 71 - (1 + 11)) + -19).
-33
Evaluate 23 + (-9 - (77 - 20)).
-43
What is the value of 7 - (-38 - (-32 - 73))?
-60
What is the value of 8 + -10 + -18 + (-5 - -1)?
-24
What is the value of (-45 + 11 - -7) + (-5 + -2 - (31 + -45))?
-20
81 - (16 - 3 - (-28 - -12))
52
-17 - -8 - (23 + -66) - 127
-93
-11 - (-9 + 2) - (63 - 85)
18
What is -14 - -2 - -2 - -10 - (-16 + -15)?
31
Evaluate -15 + -4 - -65 - 50.
-4
What is the value of -18 + 0 - (-39 + -46 + 90)?
-23
What is the value of (9 - (-30 + 10)) + 3 + -13 + 1?
20
What is the value of 19 + (7 + -2 + 12 - (-28 - -126))?
-62
Calculate -11 + -1 + (-5 - (-1 + -11)) + 54.
49
What is the value of 38 + (0 + -51 - (151 + -164))?
0
(87 + -122 - 45) + 199
119
What is the value of (-68 - -67 - -39 - (-13 + 2)) + 6?
55
What is the value of 13 + -8 + 11 + -9 + 7 - 64?
-50
What is the value of -786 + 863 - (101 + 0)?
-24
Evaluate -26 + 80 + -10 - (-8 - (-2 + 3)) - 11.
42
Evaluate 5 + -12 - -14 - (-64 - (6 + 12)).
89
Calculate (2 + 4 - (-4 - 4)) + 159 + -115.
58
Calculate (4 - 2) + 5 - (-8 + 6 + (-1 - 10)).
20
1208 + -1187 - (1 + -18)
38
(84 + -66 + -20 - (-1 + -6 + 0)) + 11
16
Calculate (-34 - (-66 - -64)) + (-41 - -1).
-72
Calculate (29 - 20) + -25 + -7 - -11.
-12
What is -3595 - -3571 - (23 + 1 + -1)?
-47
21 + -1 + (-62 - -6) + 76
40
Evaluate -191 + 188 - (0 + -34) - 15.
16
111 - (19 - (17 - (-10 - -18))) - 19
82
What is 2 + -2 + -4 + 75 + -9 + 9 - 11?
60
Calculate -4 - (-8 + 0) - -12 - (-19 + 9).
26
Calculate 17 - (-85 + 36 + 43 - (1 - 13) - 17).
28
What is (14 - ((4 - -5) + 10) - -15) + -75?
-65
What is -52 + (103 - -36) + (3 - -3) + 3?
96
What is 5 - (-16 + 33 + 4 + -20)?
4
What is the value of -3 + (8 - (-6 - -6) - (8 + -12) - 23)?
-14
What is the value of -9 + 41 + (68 - 40)?
60
Calculate (-11 - (20 + 6)) + 54 + 110 + 2.
129
What is the value of (-18 - -24 - (67 - (1 + -1))) + 8?
-53
3 + (4 + (-6 - -9 - 2) - 5) + 53
56
Calculate -11 + 30 + -